146 = -d. Calculate the remainder when d is divided by 22.
17
What is the remainder when (-2 + 21/9)/((-6)/(-378)) is divided by 12?
9
Let b(o) = 31*o - 18. Calculate the remainder when b(4) is divided by 18.
16
Let o(s) = 325*s**2 - 1. Let i be o(-1). Suppose i = 5*z + 94. Calculate the remainder when (z/(-6) - 1)*-3 is divided by 9.
8
Let p(m) = -m**2 + 15*m + 8. Suppose 5*t + 15 + 1 = 4*y, -20 = -5*y + 2*t. What is the remainder when p(9) is divided by (-170)/(-8) - 1/y?
20
Let a = 4 + 49. What is the remainder when a is divided by 18?
17
Suppose -4*s = -s - 42. Suppose 0 = -h + 2, -h - 39 = -u. What is the remainder when u is divided by s?
13
Suppose 0*p = q - 2*p - 35, -q + 4*p + 35 = 0. What is the remainder when 68 is divided by q?
33
Let i = -10 + 21. Calculate the remainder when 41 is divided by i.
8
Suppose -a + 1604 = -11086. Suppose -5*f - r = 10 - 95, -3*f - 4*r = -34. Calculate the remainder when 2/(-9) - a/(-243) is divided by f.
16
Suppose -p - 17 = n, -2*n + 5*n + 37 = -2*p. Let x = -6 - p. Calculate the remainder when 14 is divided by x.
6
Let b(c) = -c - 1 + 3 + 3*c**2 + 3*c**2 + 0. What is the remainder when b(-2) is divided by 15?
13
Calculate the remainder when 6 is divided by (-55)/(-22)*-3*(-4)/5.
0
Let o = -14 + 39. What is the remainder when o is divided by 172/12 - (-1)/(-3)?
11
What is the remainder when 3 is divided by (-2)/8 + (-63)/(-28)?
1
Suppose 0 = -5*t - 0*t + 230. What is the remainder when t is divided by (10 - (-6)/(-3))*2?
14
Suppose -3*n = -21 - 48. What is the remainder when n is divided by 5?
3
Let y = 4 - 5. Let g = 5 + y. Suppose g*p + 9 + 5 = 2*d, -d - 4*p = -13. Calculate the remainder when d is divided by 4.
1
Let w = -137 - -206. Calculate the remainder when w is divided by 14.
13
Suppose 4*w - 3*q = -0*w + 24, 3 = -w + 3*q. Let l = -3 - -19. What is the remainder when l is divided by w?
7
Suppose 4*i - 17 = -2*b + 7, 4*b = 5*i + 48. Calculate the remainder when 33 is divided by b.
9
Let v(t) = -t**2 + 6*t + 3. Let k(z) = 2*z - 16. Let f be k(11). Calculate the remainder when 6 is divided by v(f).
0
Suppose 0 = 6*a - a - 3*c - 58, 5*a + 3*c - 82 = 0. Calculate the remainder when a is divided by 6.
2
Let a(b) = -b**2 + 3*b. Let n be a(3). Suppose n = 6*f - 3*f. Suppose -3*d - 3 = 0, y + 5*d = -f*y - 3. What is the remainder when y is divided by 2?
0
What is the remainder when (-268)/(-4) + 4 + 4 is divided by 19?
18
Suppose -3*q = -28 + 4. Calculate the remainder when q is divided by 4.
0
Let l = 41 - 22. Suppose 4*c + w + 4*w = -84, c - 2*w + 8 = 0. Let v = 26 + c. What is the remainder when l is divided by v?
9
Let d(q) = 3*q**2 + 2*q + 1 - 2*q. Let s = 17 + -7. Calculate the remainder when s is divided by d(-1).
2
Suppose b = 5*v + 14, -3*b + 8 = v + v. Suppose u - 21 + b = 2*k, -2*u + 61 = 5*k. Calculate the remainder when 43/(-2)*-2 - -2 is divided by u.
22
Calculate the remainder when 1/(-6) - (-3303)/54 is divided by (2 - 0)/((-2)/(-21)).
19
Suppose -a - 3 = -2*a. Suppose 5*m = 3*c - 21, -a*m = 5*c - 0*m - 35. What is the remainder when 26 is divided by c?
5
Suppose 4*m = 3*m + 103. What is the remainder when m is divided by 26?
25
Suppose 0*n - 6*n + 30 = 0. Calculate the remainder when 14 is divided by n.
4
Let h(w) = w**2 - 3*w - 52. What is the remainder when h(-10) is divided by 21?
15
Suppose 4*x - 68 = -5*p, -2*p = 3*p + x - 62. Suppose 4*z + 0 - 8 = 0. Let r(k) = 17*k + 1. What is the remainder when r(z) is divided by p?
11
Suppose x - 11 + 2 = 0. What is the remainder when (-50)/(-3) + (-5)/(-15) is divided by x?
8
Let d be (-2)/(-4)*(6 - 2). Suppose 2*t - 60 = d*q, -2*t + 5*q + 61 = 13. What is the remainder when t is divided by 1*(-30)/(-3) - -2?
10
Suppose 5*p + 52 = 4*j - 28, -p = 4*j - 104. Let k = j + -15. Calculate the remainder when 18 is divided by k.
8
Let q = 7 - -10. What is the remainder when 64 is divided by q?
13
Let c(y) = -13*y - 2. Let o be c(-5). Suppose -2*i - 3*z + o = 0, 3*z + z - 20 = 0. Calculate the remainder when 45 is divided by i.
21
Suppose 0 = -m - 2*n + 104, m = 2*m - n - 89. Calculate the remainder when m is divided by 19.
18
Suppose 0 = 2*m + 2*z - 56, m - 2 = -5*z + 10. Suppose 3*k - 33 - 27 = 0. Let v = m + k. What is the remainder when v is divided by 18?
16
Let l = 11 + -10. What is the remainder when l/((-3)/6) + 8 is divided by 2?
0
Let s be -29*4/(-2)*19. Suppose -2*r + 1 + 35 = 0. Calculate the remainder when 4/(-18) + s/r is divided by 21.
19
Suppose 0 = -i + 5*z + 25, 4*i + i + 2*z - 17 = 0. Suppose -j - 1 = -3. Suppose -1 - i = -j*q. Calculate the remainder when 5 is divided by q.
2
Let h(s) be the first derivative of -2 + 2*s + 3/2*s**2. What is the remainder when 23 is divided by h(2)?
7
Suppose 4*r = 2*m + 18, m = 3*r + 2*m - 1. Suppose 4 - 18 = -r*f. Let t = -12 + 32. What is the remainder when t is divided by f?
6
Let g(a) = -2*a + 12. Let n = 113 - 58. Suppose -n = 5*r - 0*r. What is the remainder when g(r) is divided by 18?
16
Let t(i) be the third derivative of -1/12*i**5 - 1/60*i**6 + 1/2*i**3 + 0*i + 2*i**2 - 1/24*i**4 + 0. Calculate the remainder when 29 is divided by t(-3).
14
Suppose -4*z = z - 25. Let b(h) = -h**2 + 8*h - 2. What is the remainder when b(5) is divided by z?
3
Let t(b) = -9*b - 18. Let x be -2 - 0 - (-4)/1. Suppose -x*m + 3*m = 14. What is the remainder when t(-5) is divided by m?
13
Let p = -11 - -32. Let o(d) = 4*d - 62. Calculate the remainder when p is divided by o(17).
3
Suppose -3*h = -4*h. Suppose 0 = -a + 17 - h. Suppose 2*c = -c + 18. What is the remainder when a is divided by c?
5
Suppose 5*u + 2*h - 313 = 0, -4*u - 24 = 4*h - 272. What is the remainder when u is divided by 11?
8
Let p(r) = r**2 - 6*r - 5. Suppose 5*o + 5 - 25 = 0. Suppose -o*c - 2*j + 29 = -3*j, 1 = -c + 3*j. What is the remainder when p(9) is divided by c?
6
Suppose 2*o + z = -7, o = 5*o + 3*z + 15. Let g = o - -9. Let x = -10 + 26. What is the remainder when x is divided by g?
4
Let a(i) = 26*i**2 + 8*i + 20. Let y(l) = 9*l**2 + 3*l + 7. Let o(d) = 6*a(d) - 17*y(d). What is the remainder when 25 is divided by o(2)?
4
Let d = -43 - -65. What is the remainder when 43 is divided by d?
21
Let i(y) = -y + 19. Let a be i(-14). Let u = a + -6. What is the remainder when u is divided by 14?
13
Let u = 16 + -11. Suppose v = 4*l - 88, -u*l + 76 = -4*v - 23. Let f = 6 - -2. Calculate the remainder when l is divided by f.
7
Let d be 1 + -2 + (3 - -8). What is the remainder when 45 is divided by d - (-3)/6*4?
9
Let a = 16 - 4. What is the remainder when 33 is divided by a/4*(5 + -1)?
9
Let t be (-4)/(-20) - (-44)/5. Suppose -5*a = -186 - t. Suppose 0 = -5*w - 4*b + 84, w + 0*b + 5*b = 0. What is the remainder when a is divided by w?
19
Calculate the remainder when 1035/21 + (-2)/7 is divided by -2*3/6 - -14.
10
Suppose 2*l = -q + 3*l + 2, 40 = 4*q + 4*l. Calculate the remainder when ((-3)/(-2))/(q/128) is divided by (0 + 1 + -2)*-11.
10
Suppose 0 = -4*n + 3*w + 129, -3*w + 2*w + 100 = 3*n. What is the remainder when n is divided by 6?
3
Suppose -4*t = 2*j - 4, 2*j - t - 32 = 2*t. Calculate the remainder when j is divided by 4.
2
Suppose -d + 14 = -0*d. What is the remainder when 55 is divided by d?
13
Let w(n) = -n - 3. Let d be w(-5). Let l(v) = 3*v**d - 2*v**2 - 2*v**2 - 5 - 9*v. Calculate the remainder when 5 is divided by l(-8).
2
Let w be (2 - 1)*1 - -1. Suppose 4*v - q - 3 = 3, -w*q - 2 = 2*v. Calculate the remainder when 2 is divided by v.
0
Suppose 0*y - 3*y + 54 = 0. Let g = -192 + 263. Calculate the remainder when g is divided by y.
17
Suppose -5*k = -69 - 386. Let n be k/(-77) - 2/(-11). What is the remainder when 26 - (3 + -1 + n) is divided by 13?
12
Suppose 4*u - u = 75. Suppose 0*k + 45 = 5*k. What is the remainder when u is divided by k?
7
Let s(y) = y**3 - 3*y**2 + 8. What is the remainder when s(4) is divided by 13?
11
Let n(o) = o**3 - 7*o**2 - 4*o - 8. Suppose 4*g - 5*h + 4*h - 51 = 0, 0 = 5*g + 5*h - 70. Calculate the remainder when n(8) is divided by g.
11
Let g(k) = 20*k - 9. What is the remainder when 51 is divided by g(1)?
7
Suppose 18 = -4*x + 6, 3*x + 239 = 5*m. Calculate the remainder when m is divided by 12.
10
Suppose -u = -5*c - 42, 0 = 4*u - c + 3*c - 80. Suppose -4*m + 10 = -10. Calculate the remainder wh